95?
493d
In base 8, what is -6654 + 1?
-6653
In base 15, what is 47e - 2?
47c
In base 11, what is -8 + -25540?
-25548
In base 10, what is -14002 + 3?
-13999
In base 13, what is -8861 - -32?
-882c
In base 4, what is 1 - -2310130103?
2310130110
In base 3, what is 2122102 - 101?
2122001
In base 4, what is -1212310303 - -10?
-1212310233
In base 3, what is 112 - -10220210121?
10220211010
In base 13, what is -5 - -1612?
160a
In base 10, what is -7419 - 3?
-7422
In base 4, what is 11001103 + 102?
11001211
In base 12, what is 5739b + -18?
57383
In base 11, what is -4 + 4371?
4368
In base 9, what is 1856566 - -2?
1856568
In base 12, what is 3 - 2129a?
-21297
In base 10, what is 681 - -64?
745
In base 3, what is -2 + -110221112?
-110221121
In base 9, what is -2271 - 1281?
-3562
In base 7, what is 5 + -3040455?
-3040450
In base 16, what is -7f - f0?
-16f
In base 5, what is 23242410 - -10?
23242420
In base 5, what is -2 - 1001144?
-1001201
In base 10, what is 28 + 6179?
6207
In base 16, what is -b3 + d7?
24
In base 10, what is -62 - 5027?
-5089
In base 4, what is -33010221 + 11?
-33010210
In base 11, what is 161522 - -3?
161525
In base 12, what is -4862 - 2?
-4864
In base 10, what is 20 + 17200?
17220
In base 5, what is -3 + 12403414?
12403411
In base 14, what is -8 + -11d?
-127
In base 9, what is -5 - -110058?
110053
In base 11, what is a - 19410?
-19401
In base 13, what is 515 - -2b0?
7c5
In base 2, what is 10110001011 - -1000?
10110010011
In base 6, what is 4 + 432522?
432530
In base 6, what is 24 + -154135?
-154111
In base 7, what is 4 + -2000603?
-2000566
In base 14, what is 1d + -4b5?
-496
In base 5, what is -1443 - 1131?
-3124
In base 8, what is 12563 + 0?
12563
In base 6, what is 120 - -153122?
153242
In base 6, what is 0 - 32225?
-32225
In base 5, what is 12 + -34314?
-34302
In base 16, what is -2a8f - -3?
-2a8c
In base 7, what is -156 + -1152?
-1341
In base 2, what is 1010110000101110000 - 0?
1010110000101110000
In base 5, what is 42 + -24323?
-24231
In base 14, what is 13001 - -1?
13002
In base 14, what is 1 - -61419?
6141a
In base 15, what is -11 + -e7a?
-e8b
In base 6, what is -244112 + -100?
-244212
In base 13, what is -a60 - -2?
-a5b
In base 10, what is -422 - 2170?
-2592
In base 9, what is 32 - 11417?
-11375
In base 15, what is -5a051 + -4?
-5a055
In base 8, what is -143 - 43425?
-43570
In base 7, what is 1 + -105663?
-105662
In base 7, what is -2 + 2034644?
2034642
In base 16, what is 2d + -2ab?
-27e
In base 6, what is 25120 + 401?
25521
In base 9, what is 6 + 240308?
240315
In base 3, what is -12022110 - -122022?
-11200011
In base 3, what is 12 - -2101120021?
2101120110
In base 3, what is -11102 - -212?
-10120
In base 10, what is 1 - -839887?
839888
In base 6, what is -14041 - 25?
-14110
In base 11, what is 4300 - 1?
42aa
In base 7, what is 0 - 25413?
-25413
In base 4, what is -101111022321 - 0?
-101111022321
In base 2, what is -1101011 + -11010010?
-100111101
In base 13, what is -c8378 + -2?
-c837a
In base 8, what is 4 - -301754?
301760
In base 14, what is 99dd + 3b?
9a3a
In base 12, what is 5 - -1b67a9?
1b67b2
In base 9, what is 2 - -260657?
260660
In base 5, what is -2111 + 2040?
-21
In base 11, what is 2 + 13a47?
13a49
In base 15, what is bbd + 0?
bbd
In base 11, what is -12521 - -2?
-1251a
In base 7, what is 155052 - 1?
155051
In base 6, what is 12140 - -122?
12302
In base 13, what is 14c9a + 1?
14c9b
In base 3, what is -12201221111001 + -12?
-12201221111020
In base 4, what is 10121 + 2113?
12300
In base 2, what is -11 + -1010101111111011111?
-1010101111111100010
In base 4, what is -21 + 21123303?
21123222
In base 13, what is 3139 - 19?
3120
In base 2, what is 10110010011 - -110?
10110011001
In base 9, what is -463135 - -2?
-463133
In base 8, what is -6602421 + -3?
-6602424
In base 13, what is 2 + -19b53?
-19b51
In base 9, what is -17277 + 1?
-17276
In base 11, what is -10 + -1a829?
-1a839
In base 9, what is 101 + -3626?
-3525
In base 14, what is -1706a8 + -3?
-1706ab
In base 9, what is 4 + 56028?
56033
In base 5, what is -2310434 + 20?
-2310414
In base 4, what is 23 + -100310220?
-100310131
In base 10, what is 33 + -147?
-114
In base 4, what is 3 - -32132332?
32133001
In base 9, what is -75 + 10766?
10681
In base 16, what is -4 - 2b9e?
-2ba2
In base 16, what is -4 - -2d6b?
2d67
In base 7, what is -26 + -2612?
-2641
In base 6, what is 10 - -3151540?
3151550
In base 6, what is -213 + -44043?
-44300
In base 15, what is -684 - 14de?
-1b73
In base 16, what is a04 + -b0?
954
In base 10, what is -17 - -5901?
5884
In base 10, what is 6723569 + -5?
6723564
In base 10, what is 21760 + -3?
21757
In base 9, what is 107 + -22446?
-22338
In base 5, what is -3 + 104330?
104322
In base 11, what is 21a355 + 4?
21a359
In base 16, what is 9 - -1fdd?
1fe6
In base 10, what is 3 - -237273?
237276
In base 5, what is 333243 - 114?
333124
In base 2, what is 101000111010 - -1?
101000111011
In base 13, what is 189 + 44c5?
4681
In base 13, what is -c6 - 1511?
-1607
In base 14, what is 163 - 166?
-3
In base 16, what is -4025 + 2?
-4023
In base 4, what is -3 + -2003001?
-2003010
In base 3, what is 201 - -12121220?
12122121
In base 8, what is 4 - -424555?
424561
In base 3, what is 2 + -10202101101?
-10202101022
In base 5, what is 2041413 - -1?
2041414
In base 16, what is -1 - -10185?
10184
In base 11, what is -48 + -20993?
-20a30
In base 12, what is 721 + 13?
734
In base 5, what is 104 + 3410240?
3410344
In base 7, what is -20 + 1465?
1445
In base 13, what is 7 + 3cc?
406
In base 8, what is 2413363 - -3?
2413366
In base 13, what is 19 + 1617?
1633
In base 14, what is 5 - 391c4?
-391bd
In base 6, what is 4550533 - 5?
4550524
In base 13, what is -46 - 63?
-a9
In base 14, what is -17c - -4a1?
323
In base 8, what is 241126 - 0?
241126
In base 13, what is -c682 - -a?
-c675
In base 12, what is 26 - 2495?
-246b
In base 5, what is 442 + -10420?
-4423
In base 15, what is 66 + -b68?
-b02
In base 11, what is 38046 + 4?
3804a
In base 11, what is 8 + -1018?
-1010
In base 14, what is -56b + 1?
-56a
In base 15, what is 6 + -a8c?
-a86
In base 6, what is -31 - -522?
451
In base 7, what is 3140 + -1?
3136
In base 13, what is 3405a5 - 1?
3405a4
In base 6, what is -3 + -52143?
-52150
In base 15, what is 1819 - 7?
1812
In base 15, what is -654 - 109?
-75d
In base 16, what is 121587 - -5?
12158c
In base 3, what is 121021010 - 11?
121020222
In base 3, what is -2 + -1112001001100?
-1112001001102
In base 2, what is -10111111011111100 + 110?
-10111111011110110
In base 11, what is -10541 - -a?
-10532
In base 8, what is 424 + 723?
1347
In base 8, what is 2 + -2515?
-2513
In base 7, what is -3452 - -2155?
-1264
In base 8, what is 21 - -57414?
57435
In base 3, what is -1012 + -1020100010?
-1020101022
In base 7, what is 4343 - -16?
4362
In base 7, what is 24 + 2240?
2264
In base 8, what is -327 - 4074?
-4423
In base 6, what is 124234 + 255?
124533
In base 6, what is -4 - -112330431?
112330423
In base 16, what is -cf99 - -5?
-cf94
In base 7, what is -12 - -500150?
500135
In base 2, what is -101100001110011 - -10?
-101100001110001
In base 7, what is 1116633 + -3?
1116630
In base 11, what is -23 + -3007?
-302a
In base 3, what is 110020 + -12100?
20220
In base 6, what is 1242 + -425?
413
In base 14, what is 37 - -7a96?
7acd
In base 16, what is 4bf3f + 5?
4bf44
In base 8, what is 11447 + -11?
11436
In base 16, what is -564a - -5?
-5645
In base 11, what is 7129 - 4?
7125
In base 3, what is 11 + 1201200200?
1201200211
In base 4, what is -11110 - -1111021?
1033311
In base 8, what is -455573 + -5?
-455600
In base 4, what is 20312330 + 0?
20312330
In base 8, what is -4 + -666473?
-666477
In base 8, what is -4447415 - -5?
-4447410
In base 15, what is -e90c5 + 4?
-e90c1
In base 10, what is -5 + -61776?
-61781
In base 2, what is -101 - -10001010100110001?
10001010100101100
In base 3, what is -200200102112021 + 1?
-200200102112020
In base 5, what is -2 - -303332?
303330
In base 2, what is -111101110 - 1010010101100?
-1011010011010
In base 11, what is 137 + -211?
-85
In base 7, what is 6062256 + -2?
6062254
In base 5, what is -14 + -1342?
-1411
In base 4, what is -13320 + 20333?
1013
In base 14, what is -39c8 + -101?
-3ac9
In base 13, what is 40b5 - 2?
40b3
In base 4, what is 2 - 1011200?
-1011132
In b